{"id":5439,"date":"2025-05-17T00:16:46","date_gmt":"2025-05-16T22:16:46","guid":{"rendered":"https:\/\/portuigualdad.com\/video\/video-1a-jornada-xvjornadasportugalete-de-igualdad-tiempos-y-espacios-de-la-violencia-contra-las-mujeres-4-5-noviembre\/"},"modified":"2025-11-05T22:27:45","modified_gmt":"2025-11-05T21:27:45","slug":"video-1a-jornada-xvjornadasportugalete-de-igualdad-tiempos-y-espacios-de-la-violencia-contra-las-mujeres-4-5-noviembre","status":"publish","type":"video","link":"https:\/\/portuigualdad.com\/eu\/video\/video-1a-jornada-xvjornadasportugalete-de-igualdad-tiempos-y-espacios-de-la-violencia-contra-las-mujeres-4-5-noviembre\/","title":{"rendered":"[V\u00eddeo] 1\u00aa jornada #XVJornadasPortugalete de Igualdad. Tiempos y espacios de la violencia contra las mujeres. 4-5 Noviembre."},"content":{"rendered":"<p>Ayer Mi\u00e9rcoles 04\/11\/2015 comenz\u00f3 las decimoquintas jornadas de Igualdad en PORTUGALETE. Teresa Laespada, en la inauguraci\u00f3n, destaca las 41 mujeres que han muerto este a\u00f1o por la violencia machista.<br \/>\nImportantes ponentes en los dos d\u00edas, pero los m\u00e1s importante son las portugalujas y , aunque pocos, portugalujos que nos acompa\u00f1an.<\/p>\n<p>Mabel Lozano, cineasta, presenta, ante la sala de Santa Clara llena, la realidad de la trata de mujeres con fines de explotaci\u00f3n sexual.<\/p>\n<p>Mesa redonda con mujeres que han sido maltratadas, una excelente forma de comenzar la sesi\u00f3n de tarde. Ahora con Mar\u00eda Naredo abordamos las cuestiones urgentes que hay que abordar.<\/p>\n<p>Lleno absoluto en el centro cultural Santa Clara de Santa Clara para asistir a las jornadas de igualdad.<br \/>\nAlcanzan ya su d\u00e9cimoquinta edici\u00f3n. Entre las ponencias de esta ma\u00f1ana cabe rese\u00f1ar la titulada \u201c Las mujeres mayores, v\u00edctimas invisibles de la violencia contra las mujeres\u201d a cargo de<br \/>\nMar\u00eda Jes\u00fas Goikoetxea, psic\u00f3loga y profesora de \u00c9tica y Bio\u00e9tica de la Universidad de Deusto.<br \/>\nLa ponente ha realizado una reflexi\u00f3n sobre la explotaci\u00f3n a la que en ocasiones someten los hijos a las personas mayores.<br \/>\nUn ejemplo; las abuelas dedican en Euskadi una media de m\u00e1s de 7 horas diarias a cuidar de sus nietos.<\/p>\n","protected":false},"featured_media":0,"template":"","meta":{"_acf_changed":false},"cat-video":[268],"class_list":["post-5439","video","type-video","status-publish","hentry","cat-video-bidatzenea","description-off"],"acf":[],"yoast_head":"<!-- This site is optimized with the Yoast SEO plugin v26.6 - https:\/\/yoast.com\/wordpress\/plugins\/seo\/ -->\n<title>[V\u00eddeo] 1\u00aa jornada #XVJornadasPortugalete de Igualdad. Tiempos y espacios de la violencia contra las mujeres. 4-5 Noviembre. - Portuigualdad<\/title>\n<meta name=\"robots\" content=\"index, follow, max-snippet:-1, max-image-preview:large, max-video-preview:-1\" \/>\n<link rel=\"canonical\" href=\"https:\/\/portuigualdad.com\/eu\/video\/video-1a-jornada-xvjornadasportugalete-de-igualdad-tiempos-y-espacios-de-la-violencia-contra-las-mujeres-4-5-noviembre\/\" \/>\n<meta property=\"og:locale\" content=\"eu_ES\" \/>\n<meta property=\"og:type\" content=\"article\" \/>\n<meta property=\"og:title\" content=\"[V\u00eddeo] 1\u00aa jornada #XVJornadasPortugalete de Igualdad. Tiempos y espacios de la violencia contra las mujeres. 4-5 Noviembre. - Portuigualdad\" \/>\n<meta property=\"og:description\" content=\"Ayer Mi\u00e9rcoles 04\/11\/2015 comenz\u00f3 las decimoquintas jornadas de Igualdad en PORTUGALETE. Teresa Laespada, en la inauguraci\u00f3n, destaca las 41 mujeres&hellip;\" \/>\n<meta property=\"og:url\" content=\"https:\/\/portuigualdad.com\/eu\/video\/video-1a-jornada-xvjornadasportugalete-de-igualdad-tiempos-y-espacios-de-la-violencia-contra-las-mujeres-4-5-noviembre\/\" \/>\n<meta property=\"og:site_name\" content=\"Portuigualdad\" \/>\n<meta property=\"article:modified_time\" content=\"2025-11-05T21:27:45+00:00\" \/>\n<meta name=\"twitter:card\" content=\"summary_large_image\" \/>\n<meta name=\"twitter:label1\" content=\"Est. reading time\" \/>\n\t<meta name=\"twitter:data1\" content=\"1 minute\" \/>\n<script type=\"application\/ld+json\" class=\"yoast-schema-graph\">{\"@context\":\"https:\/\/schema.org\",\"@graph\":[{\"@type\":\"WebPage\",\"@id\":\"https:\/\/portuigualdad.com\/eu\/video\/video-1a-jornada-xvjornadasportugalete-de-igualdad-tiempos-y-espacios-de-la-violencia-contra-las-mujeres-4-5-noviembre\/\",\"url\":\"https:\/\/portuigualdad.com\/eu\/video\/video-1a-jornada-xvjornadasportugalete-de-igualdad-tiempos-y-espacios-de-la-violencia-contra-las-mujeres-4-5-noviembre\/\",\"name\":\"[V\u00eddeo] 1\u00aa jornada #XVJornadasPortugalete de Igualdad. Tiempos y espacios de la violencia contra las mujeres. 4-5 Noviembre. - Portuigualdad\",\"isPartOf\":{\"@id\":\"https:\/\/portuigualdad.com\/#website\"},\"datePublished\":\"2025-05-16T22:16:46+00:00\",\"dateModified\":\"2025-11-05T21:27:45+00:00\",\"breadcrumb\":{\"@id\":\"https:\/\/portuigualdad.com\/eu\/video\/video-1a-jornada-xvjornadasportugalete-de-igualdad-tiempos-y-espacios-de-la-violencia-contra-las-mujeres-4-5-noviembre\/#breadcrumb\"},\"inLanguage\":\"eu-ES\",\"potentialAction\":[{\"@type\":\"ReadAction\",\"target\":[\"https:\/\/portuigualdad.com\/eu\/video\/video-1a-jornada-xvjornadasportugalete-de-igualdad-tiempos-y-espacios-de-la-violencia-contra-las-mujeres-4-5-noviembre\/\"]}]},{\"@type\":\"BreadcrumbList\",\"@id\":\"https:\/\/portuigualdad.com\/eu\/video\/video-1a-jornada-xvjornadasportugalete-de-igualdad-tiempos-y-espacios-de-la-violencia-contra-las-mujeres-4-5-noviembre\/#breadcrumb\",\"itemListElement\":[{\"@type\":\"ListItem\",\"position\":1,\"name\":\"Portada\",\"item\":\"https:\/\/portuigualdad.com\/eu\/portada-es\/\"},{\"@type\":\"ListItem\",\"position\":2,\"name\":\"[V\u00eddeo] 1\u00aa jornada #XVJornadasPortugalete de Igualdad. Tiempos y espacios de la violencia contra las mujeres. 4-5 Noviembre.\"}]},{\"@type\":\"WebSite\",\"@id\":\"https:\/\/portuigualdad.com\/#website\",\"url\":\"https:\/\/portuigualdad.com\/\",\"name\":\"Portuigualdad\",\"description\":\"\",\"potentialAction\":[{\"@type\":\"SearchAction\",\"target\":{\"@type\":\"EntryPoint\",\"urlTemplate\":\"https:\/\/portuigualdad.com\/?s={search_term_string}\"},\"query-input\":{\"@type\":\"PropertyValueSpecification\",\"valueRequired\":true,\"valueName\":\"search_term_string\"}}],\"inLanguage\":\"eu-ES\"}]}<\/script>\n<!-- \/ Yoast SEO plugin. -->","yoast_head_json":{"title":"[V\u00eddeo] 1\u00aa jornada #XVJornadasPortugalete de Igualdad. Tiempos y espacios de la violencia contra las mujeres. 4-5 Noviembre. - Portuigualdad","robots":{"index":"index","follow":"follow","max-snippet":"max-snippet:-1","max-image-preview":"max-image-preview:large","max-video-preview":"max-video-preview:-1"},"canonical":"https:\/\/portuigualdad.com\/eu\/video\/video-1a-jornada-xvjornadasportugalete-de-igualdad-tiempos-y-espacios-de-la-violencia-contra-las-mujeres-4-5-noviembre\/","og_locale":"eu_ES","og_type":"article","og_title":"[V\u00eddeo] 1\u00aa jornada #XVJornadasPortugalete de Igualdad. Tiempos y espacios de la violencia contra las mujeres. 4-5 Noviembre. - Portuigualdad","og_description":"Ayer Mi\u00e9rcoles 04\/11\/2015 comenz\u00f3 las decimoquintas jornadas de Igualdad en PORTUGALETE. Teresa Laespada, en la inauguraci\u00f3n, destaca las 41 mujeres&hellip;","og_url":"https:\/\/portuigualdad.com\/eu\/video\/video-1a-jornada-xvjornadasportugalete-de-igualdad-tiempos-y-espacios-de-la-violencia-contra-las-mujeres-4-5-noviembre\/","og_site_name":"Portuigualdad","article_modified_time":"2025-11-05T21:27:45+00:00","twitter_card":"summary_large_image","twitter_misc":{"Est. reading time":"1 minute"},"schema":{"@context":"https:\/\/schema.org","@graph":[{"@type":"WebPage","@id":"https:\/\/portuigualdad.com\/eu\/video\/video-1a-jornada-xvjornadasportugalete-de-igualdad-tiempos-y-espacios-de-la-violencia-contra-las-mujeres-4-5-noviembre\/","url":"https:\/\/portuigualdad.com\/eu\/video\/video-1a-jornada-xvjornadasportugalete-de-igualdad-tiempos-y-espacios-de-la-violencia-contra-las-mujeres-4-5-noviembre\/","name":"[V\u00eddeo] 1\u00aa jornada #XVJornadasPortugalete de Igualdad. Tiempos y espacios de la violencia contra las mujeres. 4-5 Noviembre. - Portuigualdad","isPartOf":{"@id":"https:\/\/portuigualdad.com\/#website"},"datePublished":"2025-05-16T22:16:46+00:00","dateModified":"2025-11-05T21:27:45+00:00","breadcrumb":{"@id":"https:\/\/portuigualdad.com\/eu\/video\/video-1a-jornada-xvjornadasportugalete-de-igualdad-tiempos-y-espacios-de-la-violencia-contra-las-mujeres-4-5-noviembre\/#breadcrumb"},"inLanguage":"eu-ES","potentialAction":[{"@type":"ReadAction","target":["https:\/\/portuigualdad.com\/eu\/video\/video-1a-jornada-xvjornadasportugalete-de-igualdad-tiempos-y-espacios-de-la-violencia-contra-las-mujeres-4-5-noviembre\/"]}]},{"@type":"BreadcrumbList","@id":"https:\/\/portuigualdad.com\/eu\/video\/video-1a-jornada-xvjornadasportugalete-de-igualdad-tiempos-y-espacios-de-la-violencia-contra-las-mujeres-4-5-noviembre\/#breadcrumb","itemListElement":[{"@type":"ListItem","position":1,"name":"Portada","item":"https:\/\/portuigualdad.com\/eu\/portada-es\/"},{"@type":"ListItem","position":2,"name":"[V\u00eddeo] 1\u00aa jornada #XVJornadasPortugalete de Igualdad. Tiempos y espacios de la violencia contra las mujeres. 4-5 Noviembre."}]},{"@type":"WebSite","@id":"https:\/\/portuigualdad.com\/#website","url":"https:\/\/portuigualdad.com\/","name":"Portuigualdad","description":"","potentialAction":[{"@type":"SearchAction","target":{"@type":"EntryPoint","urlTemplate":"https:\/\/portuigualdad.com\/?s={search_term_string}"},"query-input":{"@type":"PropertyValueSpecification","valueRequired":true,"valueName":"search_term_string"}}],"inLanguage":"eu-ES"}]}},"_links":{"self":[{"href":"https:\/\/portuigualdad.com\/eu\/wp-json\/wp\/v2\/video\/5439","targetHints":{"allow":["GET"]}}],"collection":[{"href":"https:\/\/portuigualdad.com\/eu\/wp-json\/wp\/v2\/video"}],"about":[{"href":"https:\/\/portuigualdad.com\/eu\/wp-json\/wp\/v2\/types\/video"}],"wp:attachment":[{"href":"https:\/\/portuigualdad.com\/eu\/wp-json\/wp\/v2\/media?parent=5439"}],"wp:term":[{"taxonomy":"cat-video","embeddable":true,"href":"https:\/\/portuigualdad.com\/eu\/wp-json\/wp\/v2\/cat-video?post=5439"}],"curies":[{"name":"wp","href":"https:\/\/api.w.org\/{rel}","templated":true}]}}

[Vídeo] 1ª jornada #XVJornadasPortugalete de Igualdad. Tiempos y espacios de la violencia contra las mujeres. 4-5 Noviembre.

<p>Ayer Miércoles 04/11/2015 comenzó las decimoquintas jornadas de Igualdad en PORTUGALETE. Teresa Laespada, en la inauguración, destaca las 41 mujeres que han muerto este año por la violencia machista.<br />
Importantes ponentes en los dos días, pero los más importante son las portugalujas y , aunque pocos, portugalujos que nos acompañan.</p>
<p>Mabel Lozano, cineasta, presenta, ante la sala de Santa Clara llena, la realidad de la trata de mujeres con fines de explotación sexual.</p>
<p>Mesa redonda con mujeres que han sido maltratadas, una excelente forma de comenzar la sesión de tarde. Ahora con María Naredo abordamos las cuestiones urgentes que hay que abordar.</p>
<p>Lleno absoluto en el centro cultural Santa Clara de Santa Clara para asistir a las jornadas de igualdad.<br />
Alcanzan ya su décimoquinta edición. Entre las ponencias de esta mañana cabe reseñar la titulada “ Las mujeres mayores, víctimas invisibles de la violencia contra las mujeres” a cargo de<br />
María Jesús Goikoetxea, psicóloga y profesora de Ética y Bioética de la Universidad de Deusto.<br />
La ponente ha realizado una reflexión sobre la explotación a la que en ocasiones someten los hijos a las personas mayores.<br />
Un ejemplo; las abuelas dedican en Euskadi una media de más de 7 horas diarias a cuidar de sus nietos.</p>

<!-- This site is optimized with the Yoast SEO plugin v26.6 - https://yoast.com/wordpress/plugins/seo/ -->
<title>[Vídeo] 1ª jornada #XVJornadasPortugalete de Igualdad. Tiempos y espacios de la violencia contra las mujeres. 4-5 Noviembre. - Portuigualdad</title>
<meta name="robots" content="index, follow, max-snippet:-1, max-image-preview:large, max-video-preview:-1" />
<link rel="canonical" href="https://portuigualdad.com/eu/video/video-1a-jornada-xvjornadasportugalete-de-igualdad-tiempos-y-espacios-de-la-violencia-contra-las-mujeres-4-5-noviembre/" />
<meta property="og:locale" content="eu_ES" />
<meta property="og:type" content="article" />
<meta property="og:title" content="[Vídeo] 1ª jornada #XVJornadasPortugalete de Igualdad. Tiempos y espacios de la violencia contra las mujeres. 4-5 Noviembre. - Portuigualdad" />
<meta property="og:description" content="Ayer Miércoles 04/11/2015 comenzó las decimoquintas jornadas de Igualdad en PORTUGALETE. Teresa Laespada, en la inauguración, destaca las 41 mujeres&hellip;" />
<meta property="og:url" content="https://portuigualdad.com/eu/video/video-1a-jornada-xvjornadasportugalete-de-igualdad-tiempos-y-espacios-de-la-violencia-contra-las-mujeres-4-5-noviembre/" />
<meta property="og:site_name" content="Portuigualdad" />
<meta property="article:modified_time" content="2025-11-05T21:27:45+00:00" />
<meta name="twitter:card" content="summary_large_image" />
<meta name="twitter:label1" content="Est. reading time" />
	<meta name="twitter:data1" content="1 minute" />
<script type="application/ld+json" class="yoast-schema-graph">{"@context":"https://schema.org","@graph":[{"@type":"WebPage","@id":"https://portuigualdad.com/eu/video/video-1a-jornada-xvjornadasportugalete-de-igualdad-tiempos-y-espacios-de-la-violencia-contra-las-mujeres-4-5-noviembre/","url":"https://portuigualdad.com/eu/video/video-1a-jornada-xvjornadasportugalete-de-igualdad-tiempos-y-espacios-de-la-violencia-contra-las-mujeres-4-5-noviembre/","name":"[Vídeo] 1ª jornada #XVJornadasPortugalete de Igualdad. Tiempos y espacios de la violencia contra las mujeres. 4-5 Noviembre. - Portuigualdad","isPartOf":{"@id":"https://portuigualdad.com/#website"},"datePublished":"2025-05-16T22:16:46+00:00","dateModified":"2025-11-05T21:27:45+00:00","breadcrumb":{"@id":"https://portuigualdad.com/eu/video/video-1a-jornada-xvjornadasportugalete-de-igualdad-tiempos-y-espacios-de-la-violencia-contra-las-mujeres-4-5-noviembre/#breadcrumb"},"inLanguage":"eu-ES","potentialAction":[{"@type":"ReadAction","target":["https://portuigualdad.com/eu/video/video-1a-jornada-xvjornadasportugalete-de-igualdad-tiempos-y-espacios-de-la-violencia-contra-las-mujeres-4-5-noviembre/"]}]},{"@type":"BreadcrumbList","@id":"https://portuigualdad.com/eu/video/video-1a-jornada-xvjornadasportugalete-de-igualdad-tiempos-y-espacios-de-la-violencia-contra-las-mujeres-4-5-noviembre/#breadcrumb","itemListElement":[{"@type":"ListItem","position":1,"name":"Portada","item":"https://portuigualdad.com/eu/portada-es/"},{"@type":"ListItem","position":2,"name":"[Vídeo] 1ª jornada #XVJornadasPortugalete de Igualdad. Tiempos y espacios de la violencia contra las mujeres. 4-5 Noviembre."}]},{"@type":"WebSite","@id":"https://portuigualdad.com/#website","url":"https://portuigualdad.com/","name":"Portuigualdad","description":"","potentialAction":[{"@type":"SearchAction","target":{"@type":"EntryPoint","urlTemplate":"https://portuigualdad.com/?s={search_term_string}"},"query-input":{"@type":"PropertyValueSpecification","valueRequired":true,"valueName":"search_term_string"}}],"inLanguage":"eu-ES"}]}</script>
<!-- / Yoast SEO plugin. -->

[Vídeo] 1ª jornada #XVJornadasPortugalete de Igualdad. Tiempos y espacios de la violencia contra las mujeres. 4-5 Noviembre. - Portuigualdad

Ayer Miércoles 04/11/2015 comenzó las decimoquintas jornadas de Igualdad en PORTUGALETE. Teresa Laespada, en la inauguración, destaca las 41 mujeres&hellip;
